pose -p = -2*q + 3. Let r be 6/9*(6 - q). Calculate the highest common divisor of 14 and r.
2
Let y(r) = -r + 8. Let m(b) = 2*b - 7. Let i(s) = 7*m(s) + 6*y(s). Let q be i(-4). Let v be 1/((-1)/(-3)) - q. What is the highest common factor of 12 and v?
12
Suppose 7*j + 41 = 272. Suppose -2*s = -3*b - 64, b + j = 3*s - 70. What is the highest common factor of s and 7?
7
Let l be (-3)/(189/66 - 3). Suppose i + 35 + 25 = 0. Let v be (-5 - i) + (-1 - -1). What is the highest common divisor of v and l?
11
Suppose 15*j + 144 - 1314 = 0. Calculate the highest common factor of 832 and j.
26
Let h = 637 - 70. What is the greatest common divisor of 81 and h?
81
Let b = -35 + 323. What is the greatest common factor of 224 and b?
32
Suppose -11*z = 1 - 144. What is the greatest common factor of z and 403?
13
Let l(j) = j**2 + 16*j - 9. Let o be l(9). Suppose 5*h = -56 + o. Calculate the greatest common divisor of 144 and h.
16
Suppose 0 = 3*u - 16 + 1. Suppose 0 = -5*v + 2*i - 10, 3*i + 5 = -5*v - u. Let r be 2 - (2 + -5 + v). What is the greatest common divisor of 28 and r?
7
Suppose -2*j = -5 - 1. Suppose 3*b + 2*o - 27 = -j*o, -2*b - 3*o + 19 = 0. What is the greatest common factor of 2 and b?
2
Let d(p) = -72*p - 310. Let q be d(-8). Calculate the greatest common factor of 152 and q.
38
Suppose 4*y = -3*f + 9, -f - 4*y - 2 = 3. Suppose -f*j = -6*j - 9. Calculate the highest common factor of j and 9.
9
Let b(j) = -4*j**3 + j**2 - j + 3. Let i be b(-2). Suppose i*c + 72 = 42*c. Calculate the greatest common divisor of 48 and c.
24
Suppose 4*j - 2 = 2*j + 4*h, 5*h + 9 = -4*j. Let z be 5 + 10 - (0 - j). Calculate the greatest common factor of z and 154.
14
Let t be (-3 - (1 - 3)) + -1. Let z(d) = -3*d + 1. Let n be z(t). Let b be (63/n)/(0 - -1). Calculate the greatest common divisor of b and 1.
1
Let w = -203 + 247. Let p(i) = -i**2 + 4*i + 1. Let n be p(3). Calculate the greatest common factor of n and w.
4
Let r be 6/(-2) + 3 + 240. Suppose 6*t - r = -0. Suppose 5*b - t = -0*b. What is the highest common divisor of b and 24?
8
Let i = 1327 - 921. Calculate the highest common factor of 14 and i.
14
Let h = 111 - 71. Suppose 0 = 5*r + z - 4 - 25, 5*r = 3*z + 13. What is the highest common factor of h and r?
5
Let k be 1*2 - (-2 + -22). Let j be 6/(-1)*(5 - 51/9). Suppose -107 = j*p - 627. Calculate the greatest common divisor of p and k.
26
Let a = -103 + 221. Suppose a*r + 27 = 121*r. Calculate the highest common factor of 27 and r.
9
Suppose 5*t - 25 = -5. Suppose -84 = -t*w - 24. Let m be ((24/3)/(-4))/((-4)/60). What is the highest common factor of w and m?
15
Let r be 3*(-4 - (-69)/9). What is the greatest common divisor of r and 473?
11
Let h be -28*(-110 + 106 + (-10)/(-4)). Suppose 0 = 5*w + 25, -w + 6*w - 1655 = -5*d. Calculate the highest common factor of d and h.
42
Let z(l) = l - 16. Let k be z(13). Let i = k + 5. Suppose -t = i*t - 36. Calculate the highest common divisor of t and 6.
6
Let x be 5*(1 + -28)/(-1). Suppose -w = 7 + 3. Let m be ((-45)/w + -3)/(1/18). Calculate the highest common divisor of m and x.
27
Suppose d = 42 - 2. Suppose 10*w = 2*w + 64. Calculate the greatest common divisor of w and d.
8
Suppose 1008 = -2*p + 6*p. Calculate the greatest common factor of p and 27.
9
Suppose 0 = 3*n - 4*n. Suppose n = 3*c - 71 + 2. Calculate the greatest common factor of 322 and c.
23
Suppose 0 = -0*u + 2*u - 10. Suppose -2*x = g + x + 6, -u*g + 2*x = 98. Let m be 8 + -7 - g/2. What is the greatest common factor of 90 and m?
10
Let u = 369 - 357. Calculate the greatest common divisor of 3 and u.
3
Suppose 16*z - 770 = 1390. What is the greatest common divisor of z and 27?
27
Suppose 0 = -2*a - 2 - 2. Let l be (32/48)/(4/198). Let b be l - (2 - 8)/a. Calculate the highest common divisor of 10 and b.
10
Let d(k) = 4*k**3 + 21*k**2 + 3*k + 4. Let r be d(-4). Let l be (3/3)/((-1)/(-8)). Calculate the highest common divisor of r and l.
8
Let w = 11 - -22. Let a(u) = 11*u + 0 + 30 - 63. Let z be a(4). What is the greatest common divisor of w and z?
11
Let h be ((-27)/(-12) - 3)*-28. Let g = -64 - -148. Calculate the highest common factor of g and h.
21
Let y = 5 + 283. Suppose -6*s = -0*s - y. Calculate the highest common factor of s and 6.
6
Suppose 1051 = 136*y - 2485. What is the greatest common divisor of y and 650?
26
Let s be ((-44288)/(-6))/8 + 3/9. Calculate the greatest common divisor of 142 and s.
71
Suppose -w + 17 = 2*m - 73, -2*w = 3*m - 135. Calculate the greatest common divisor of 162 and m.
9
Suppose -x - 13*u + 395 = -12*u, -394 = -x - 2*u. What is the highest common factor of x and 216?
36
Let z(c) = -23*c + 6. Let a(b) = 1. Let n(w) = -2*a(w) + z(w). Let p be n(-2). Suppose 5*k - 20 = p. Calculate the highest common divisor of 14 and k.
14
Let w = 213 - 206. What is the highest common divisor of w and 224?
7
Let r be (76/8)/(9/18). Let y = 134 + -77. What is the highest common divisor of y and r?
19
Let w be -1 + -46*(-2 - 0/2). Calculate the highest common divisor of w and 364.
91
Let l be 3/(-6) + (-306)/(-36). Calculate the highest common divisor of 88 and l.
8
Suppose 4*o - 717 = 3*m, -3*o + 7*m + 528 = 8*m. Calculate the greatest common divisor of 767 and o.
59
Suppose 2*n + 1292 = 2*s, 2*n - 1906 = -3*s - 3*n. Calculate the greatest common factor of 6 and s.
6
Suppose 2*g = -2*g + 2*d - 232, g + 58 = -d. Let j = 85 + g. Let u = -167 + 176. What is the greatest common factor of u and j?
9
Let o be (110/(-3))/((-5)/(-15)). Let v = o - -130. Calculate the highest common divisor of v and 4.
4
Let v be ((-20)/6)/((-10)/(-465)). Let y = -29 - v. Calculate the highest common divisor of 14 and y.
14
Let j be (-5688)/(-30) - (-18)/(-30) - -3. What is the highest common divisor of 12 and j?
12
Suppose v - 675 = -2*h + 24, 4*v = -4*h + 1396. Calculate the greatest common factor of 14 and h.
14
Suppose 0*t - 3*t + 61 = -4*m, -5*t - 4*m = -59. Let w(d) = -d**3 + 10*d**2 - 8*d + 14. Let v be w(7). Calculate the greatest common factor of t and v.
15
Let u be (-358)/(-3) - 4/(-6). Suppose -4*c - 22 = -3*s, -4*s + 4 = 3*c - 2*c. Let f be 3 - (-4)/c*-21. What is the highest common factor of u and f?
24
Suppose p + 6 = 3*p. Suppose -4*i = p*z - 0*z - 74, 0 = 5*z - 5*i - 65. Calculate the highest common divisor of 6 and z.
6
Let b be (-2098)/(-6) + ((-2)/3 - 0). Suppose 0 = 6*q - 461 - b. Calculate the highest common factor of q and 15.
15
Let k = -135 + 147. Calculate the highest common factor of 348 and k.
12
Let v be 7976/30 + (-4 - (-372)/90). Let p = v + -154. Calculate the greatest common factor of 7 and p.
7
Suppose 5*f = 5*g, 7*g = 3*g. Suppose 21*p - 22*p + 7 = 0. Let z = p - f. Calculate the highest common divisor of z and 63.
7
Suppose 3*y - 98 = 4. Let o = -19 + y. Let z = -489 + 549. Calculate the highest common divisor of o and z.
15
Let v be (-2)/(-3)*130*12/16. What is the greatest common divisor of v and 637?
13
Suppose 5*h - 375 = 3*i, -2*h + 2*i = i - 151. Calculate the greatest common divisor of h and 39.
39
Let m = 5 - -5. Let d = 23 - m. What is the greatest common divisor of d and 117?
13
Let t = 786 - 735. What is the greatest common factor of t and 272?
17
Let r be 4 - ((2 - 4) + 2)*-1. Suppose 0 = r*s + 16, -4*g + 2*s = 6*s. What is the greatest common factor of g and 4?
4
Let g = 1138 - 652. Calculate the highest common divisor of 108 and g.
54
Suppose 2*b + 0*b - 311 = -i, -5*b = 4*i - 785. Let q = -48 + b. Suppose 4*g - f - 65 = 0, 2*f = g + 6*f + 5. What is the highest common divisor of q and g?
15
Suppose -5*m + 55 + 85 = 0. What is the greatest common divisor of m and 64?
4
Suppose 17 = 5*n + 7. Suppose n*u + 2*u - 480 = 0. What is the greatest common divisor of 48 and u?
24
Let v be 3 - (0*(-1)/(-2))/2. Calculate the highest common divisor of 3 and v.
3
Let x(k) = -k**3 + 13*k**2 - 10*k - 4. Let m be x(3). Let b be (3/(-1))/((-6)/280). Calculate the highest common divisor of b and m.
28
Let q be (-5)/10*-34 - 3. Let z(u) = u**2 - 12*u - 25. Let v be z(q). Calculate the highest common divisor of 3 and v.
3
Let p(v) = -2*v - 12. Let w be p(-8). Let k be (-1547)/(-169) - w/26. What is the highest common factor of k and 72?
9
Let m be 1/(-2*1/(-256)). Let u = 14643 - 14611. What is the highest common diviso